isor of 1 and i?
1
Suppose -4*u = -12*u + 1376. Let m = u - 122. What is the greatest common factor of m and 20?
10
Let n(f) = -13*f + 23. Let h be n(-7). Calculate the greatest common divisor of h and 190.
38
Let q(l) = l**2 - 7*l + 9. Suppose -18 = -3*r - 0. Let b be q(r). Suppose 8*f - b*f = 170. What is the greatest common divisor of f and 51?
17
Let f(w) = 11*w**2 + 6*w - 13. Let b(k) = -3*k + 18. Let a be b(5). Let i be f(a). Calculate the greatest common factor of 16 and i.
8
Suppose 3*b - 8*b = -240. What is the highest common divisor of b and 132?
12
Suppose -35*r + 492 = -33. What is the greatest common divisor of 85 and r?
5
Suppose -21*x = -18*x - 618. Let v = x - 130. What is the greatest common divisor of v and 114?
38
Let z = 513 - 297. Calculate the highest common factor of 81 and z.
27
Let b(r) = -7*r**3 + 3*r**2 - 4*r - 7. Let a be b(3). Let h be (-7)/((-28)/(-20)) - a. What is the greatest common divisor of h and 22?
22
Let l(f) = -51*f + 371. Let v be l(7). Calculate the greatest common factor of v and 448.
14
Suppose 41*q = 11*q + 240. Let y(u) = 56*u**2. Let w be y(-1). What is the greatest common divisor of w and q?
8
Suppose -17*b + 4588 = -1821. Calculate the highest common factor of 29 and b.
29
Let w be ((-477)/(-18))/((-1)/2). Let f = w + 55. Calculate the greatest common divisor of f and 1.
1
Suppose 148*h + 10*h - 12324 = 0. Suppose -2*i + 31 = -21. What is the greatest common factor of i and h?
26
Suppose 137 = 11*a - 127. Let k = a - 12. Calculate the highest common factor of 132 and k.
12
Suppose -3*i = -2*i - 16. Suppose 5*p + 3*c + 168 = 1461, -3*p - c = -779. Suppose -p = -3*r + 27. Calculate the highest common factor of r and i.
16
Let c = 18 + -128. Let z = c - -194. What is the highest common factor of z and 12?
12
Let s(j) = -4*j + 1. Let v be s(-6). Calculate the highest common divisor of v and 475.
25
Let q(r) = r**2 - 11*r - 24. Let w be q(14). What is the greatest common divisor of w and 16?
2
Suppose 5*f - 140 = 4*v, v = 3*f - 4*v - 84. Suppose -23*y = -21*y - f. Calculate the highest common divisor of y and 7.
7
Let s(a) = 5*a**2 - 14*a + 5. Let r(w) = -6*w**2 + 14*w - 6. Let l(n) = -4*r(n) - 5*s(n). Let b be l(5). Calculate the highest common divisor of b and 22.
22
Let u(c) = -19*c - 46. Let b be u(-3). Calculate the greatest common factor of b and 143.
11
Let q be (4/(-2))/(10/(-15)). Suppose r + 6*o - 26 = q*o, -5*o = -4*r + 70. Suppose -3*y + 10 = -y. What is the highest common divisor of r and y?
5
Let q(j) = j**3 - 15*j**2 + 22*j - 24. Let f be q(14). What is the greatest common divisor of 275 and f?
11
Let k(d) = 15*d - 1. Let z be 3/5 - 94/(-10). Let i = z + -7. Let o be k(i). What is the greatest common factor of 11 and o?
11
Let s(d) = -65*d - 7. Let b be s(9). Let o = b - -1137. Suppose 3*h + 405 = 6*u - 3*u, -4*u - h = -o. Calculate the highest common factor of u and 17.
17
Let j = 28 + -16. Suppose 0*x + 3*x - 6 = 0, -t - 5*x = -58. Calculate the highest common factor of j and t.
12
Let i be (-6 + 24)/(4/6). What is the highest common factor of i and 1431?
27
Suppose 4*u - 36 = -2*l, 0 = -3*l - 3*u + 2 + 64. Let h = 45 + -6. Calculate the highest common factor of h and l.
13
Suppose -18 = 3*s - 21, 4 = i + 2*s. Calculate the greatest common divisor of i and 16.
2
Let m(a) = -9*a - 99. Let b be m(-22). What is the highest common factor of 44 and b?
11
Let h = 6 + -9. Let p be h*7/(14/(-36)). Suppose 0 = -a - 5*c + 33, -a - c = -2*a + 15. Calculate the greatest common divisor of a and p.
18
Let c(w) = 3 - 3 - 21*w - w**3 + 23*w + 2*w**2 + 5. Let y be c(3). Suppose 22 - 14 = y*z. Calculate the highest common divisor of 12 and z.
4
Let j = 66 - -1. Let a = j - 49. What is the highest common divisor of a and 198?
18
Suppose 34649 + 40423 = 69*v. Calculate the highest common factor of v and 34.
34
Suppose -3*b + 0*b = 102. Let o = -29 - b. What is the highest common divisor of 35 and o?
5
Suppose f = 6*f - 2*u - 25, -3*u - 18 = -f. Suppose 3*o = -15, -31 = f*z + 2*o - 6. Let x be (-54 - -4)*2/z. Calculate the greatest common factor of 40 and x.
20
Let z(g) = 3*g + 4. Let r be z(-3). Let v(s) = -5*s + 5. Let i be v(r). Let c be 37/4 + (-77)/(-28) + -2. What is the greatest common factor of i and c?
10
Let s = 86 + -57. Suppose -p - s - 291 = -5*i, 4*i - 256 = -p. What is the greatest common divisor of 8 and i?
8
Let g be 3/3 + 1/1. Let i = 99 + -55. Let h be (-9)/3*i/(-6). Calculate the greatest common factor of g and h.
2
Suppose 5*m - 20 = -0*m. Suppose -4*a + x = -m*x - 499, 4 = 4*x. What is the highest common factor of 18 and a?
18
Let g = -494 + 501. Calculate the highest common factor of 427 and g.
7
Let p be -3 + (-3 - -8) + 3. Suppose 0 = p*t - m - 109, 4*t + 0*m - 93 = -5*m. What is the highest common divisor of t and 198?
22
Let a = 81 - 53. Let s = -76 + -22. Let v = a - s. What is the highest common divisor of 18 and v?
18
Suppose 5*i = -l + 548, 3*i - 2*l - 126 = 208. Let m be i/(-4)*68/(-85). Suppose 5*y - 157 = -m. Calculate the greatest common factor of 18 and y.
9
Let m = -99 - -129. Calculate the highest common divisor of 36 and m.
6
Let p(a) = 6*a**2 - 3*a**2 - 4*a + 0*a**2 + 7*a. Let w be p(4). Suppose h - 18 = 3*z - 2*z, 5*h = -5*z + w. Calculate the greatest common factor of h and 30.
15
Let c be (-138)/(-36) + -4 - (-302)/12. Suppose 0 = 3*h - c + 4. What is the greatest common factor of 140 and h?
7
Let h = -184 + 234. Let d(u) = -4*u - 6. Let q be d(-4). Calculate the highest common divisor of q and h.
10
Suppose -160 = 5*b + 240. Let f be ((-2)/8)/(1/(-4)). Let l be (0 - 4) + (f - b). What is the greatest common factor of l and 11?
11
Suppose 4*c = -0*c + 648. Let h = -98 + 49. Let z = h - -67. Calculate the greatest common divisor of c and z.
18
Let a = 121 + -55. Let c = a - 51. What is the greatest common factor of 3 and c?
3
Suppose -2*s + 5*z = 78, -3*z - 65 = s + z. Let t be (-66)/(-7) - -1 - 28/s. Calculate the greatest common factor of 55 and t.
11
Suppose 94*d - 147*d = -4876. Calculate the highest common factor of d and 207.
23
Let n(r) = r - 12. Let c be n(9). Let d(z) = -z**2 - 4*z - 3. Let i be d(c). Let y = i - -20. Calculate the greatest common factor of 60 and y.
20
Let t(p) = 9*p**2 + 2*p - 15. Let g be t(4). Suppose 4*y - 3*y + 3 = 0, g = 2*s + y. Calculate the greatest common divisor of 10 and s.
10
Let r = -1854 - -1931. Calculate the greatest common factor of r and 66.
11
Let k(x) = 25*x + 6 - 26*x + 1. Let v be k(10). Let s be v/2 + 53/2. What is the greatest common factor of 10 and s?
5
Suppose -3*o = -5*u - 125, -o + 43 = -u - 2*u. Suppose 2*m + 4*k + 35 = m, -5*m + 4*k = 295. Let r = m - -155. Calculate the highest common divisor of o and r.
20
Suppose 6*c - 8*c = 6. Let s be 1 - (-4)/(c - -4). Calculate the highest common factor of 45 and s.
5
Suppose 0 = -5*z - 3*x + 44, -3*z - z + 5*x + 13 = 0. Let a(p) = 3*p**2 + 2*p - 9. Let s be a(-5). Calculate the highest common factor of z and s.
7
Let c = 9488 + -4889. What is the greatest common divisor of 63 and c?
63
Let o(u) = -36*u - 1. Let w be o(-1). Let y be (112 - 4 - 3) + (1 - 1). Calculate the highest common divisor of w and y.
35
Let z(u) = 21*u**2 - 1. Let k be z(-1). Suppose -91 - 13 = -5*v + 3*r, -3*v + 72 = 3*r. Let d = -17 + v. Calculate the highest common factor of d and k.
5
Let v(o) = 4*o**2 + 59*o + 43. Let d be v(-14). What is the greatest common factor of 3 and d?
1
Suppose -12*r + 1 - 1 = 0. Suppose 0 = -r*c - 3*c + 3. What is the greatest common divisor of c and 2?
1
Suppose 11*x = -46 + 123. Calculate the greatest common divisor of 3 and x.
1
Suppose -6 = -4*w + 10. Suppose 3*r - 13 = -2*h, -r = -4*r + w*h + 1. Suppose -2*p = -3 - 3. What is the greatest common divisor of p and r?
3
Let a be (0 + (-10)/(-4))*(-1 - -3). Let v be (a + -83)*2/(-6). What is the greatest common factor of v and 130?
26
Suppose 0 = 3*c - 3, -6 = -r - 0*c - 3*c. Let p be -2 - r/((-3)/8). Calculate the highest common divisor of p and 9.
3
Suppose 173*z = 181*z - 192. What is the highest common factor of 300 and z?
12
Let v be (-39)/6*-1*6. Suppose 204 + 30 = 3*n. What is the greatest common factor of n and v?
39
Let o(h) = -2*h**3 + 15*h**2 + 15*h - 46. Let t be o(8). Calculate the highest com